lse
Suppose 5*y - 592 = y. Suppose 21*v + y = 25*v. Is v composite?
False
Suppose 8*d + 19882 = 56978. Is d a composite number?
False
Let a = -86 - -81. Is (-4)/(-10) + 2 + (-5603)/a a prime number?
True
Suppose -14*o + 9*o + 155 = 0. Let p be -2 - -5 - (-1 - 0). Is (o/(-2))/(p/(-88)) a prime number?
False
Suppose -2*y + 3*q - 3 = -y, 57 = 5*y + 3*q. Let d(t) = -t**2 + t + 2. Let u(f) = -f**2 + 7*f + 9. Let s(p) = -2*d(p) - u(p). Is s(y) a composite number?
False
Let q be (1 - 803/(-5))*(1 + 9). Let b be 24/14*(-2 + 9). Is q/6 - 4/b composite?
False
Is (-3846)/(-12)*(2 + 0) a composite number?
False
Suppose -8*l + 117092 + 114500 = 0. Is l composite?
False
Suppose -4*p - 130 = -c + 1615, -3*c - p = -5196. Is c composite?
False
Suppose 4*a = 11 + 1. Suppose -a*i + 2*i = -4*p - 12, -4 = 2*p. Suppose 5*q - 259 = i*q. Is q a composite number?
True
Let r(j) = -j**3 + 5*j**2 + 7*j - 8. Let o be r(6). Is -1 - (-334 + 0 - o) a prime number?
True
Suppose 2*z - 8 = -2. Let y = 12 + -10. Suppose 0 = -2*k + n + 109, y*k - 143 = -z*n - 30. Is k a composite number?
True
Let i = 6 + -4. Suppose -2 = -r + i. Suppose r*j = 1027 - 11. Is j a prime number?
False
Let o = 2190 + 965. Suppose -w = -6*w + o. Is w a composite number?
False
Let i(l) = -l**3 - 7*l**2 + 7*l - 6. Let r be i(-8). Suppose -r*p - 2*p = -4036. Is p prime?
True
Let v(p) = 149*p**2 - 5*p + 5. Is v(-3) a prime number?
True
Let p(d) = -8*d + 27*d - 1 + 2 - 22*d. Let h(r) = -3*r. Let v be h(5). Is p(v) composite?
True
Suppose 0 = -20*o + 5478 + 637702. Is o a composite number?
False
Let u = 483 + -221. Is u composite?
True
Let v be 1*(-68)/(-3)*-6. Suppose 3 = -4*h - 5. Is ((-7)/(-14))/(h/v) a composite number?
True
Suppose -2*o - 6 = -3*o. Suppose 39 - 15 = o*d. Suppose 0 = -d*n - n + 1055. Is n a prime number?
True
Let w = -273 + 91. Let r = w - -711. Is r composite?
True
Let i = 29 + -15. Let v be (-16)/56 - (-280844)/i. Is v/50 - 1/5 a composite number?
False
Let x(y) = 12*y**2 + 16*y - 41. Is x(10) prime?
True
Let f(i) = -i**3 + 92*i**2 + 181*i - 121. Is f(71) prime?
False
Let t = 14 - 5. Let z = t + -37. Let l = z - -51. Is l a composite number?
False
Suppose 0 = 2*j - 10 - 6. Suppose j = -5*u + 9*u. Suppose -u*f - 97 = -2*g + f, 2*g + 5*f - 121 = 0. Is g a prime number?
True
Let s(t) = 810*t + 14. Let w be s(-4). Let x = -1761 - w. Is x composite?
True
Let b(s) = -4*s**3 - 1. Let v be b(-1). Suppose -2*a - 26 = -v*a. Suppose -q + 12 = -a. Is q a composite number?
True
Suppose -17*o + 41401 = -19918. Is o a composite number?
False
Let t(k) be the first derivative of 4*k**3/3 - 9*k**2/2 + k + 2. Suppose s - 22 = -2*y - 2*y, 4*y + 5*s = 14. Is t(y) a prime number?
False
Let o(b) be the first derivative of 198*b**2 - 17*b - 4. Is o(3) composite?
False
Let i = -16 - -21. Suppose -3945 = -10*d + i*d. Suppose 0 = -x - 2*x + d. Is x a composite number?
False
Suppose 1785 = 3*a - 31746. Is a a composite number?
False
Suppose 54 = o + 59. Is 15516/10 + 1 + (-2)/o prime?
True
Suppose 0*t + t = -3*r + 5921, 1965 = r - 4*t. Is r composite?
False
Let j be 3/(-1) - (-5 - (-5)/(-5)). Suppose 227 = -j*g + 2480. Is g a prime number?
True
Let n(z) = -2*z + 769. Let s(h) = -h + 2. Let q be s(2). Is n(q) a composite number?
False
Let q = 26 - 17. Let t = 46 - q. Is t a composite number?
False
Is (-2321)/2*(4 + (-2 - 4)) a prime number?
False
Let r(b) = -b**3 - 37*b**2 - 21*b - 209. Is r(-38) prime?
False
Let r(a) = 1. Let g(y) = -172*y + 19. Let b(t) = -g(t) - 6*r(t). Is b(8) composite?
True
Let y be 2 + (2 - (4 - 2)). Is 158/y*4/4 a prime number?
True
Suppose 75664 = 2*u + 5*g, -2*u - 113519 = -5*u + 4*g. Is u prime?
False
Let s(m) = 8*m + 11*m + 7 - 21*m - 11*m**2 + 7*m + m**3. Is s(12) a prime number?
True
Let i be 3/(0 - (-6)/(-1420)). Let d = i - -1069. Is d composite?
False
Suppose -o + 2 - 10 = 0. Is (-6)/o + (2 - (-23595)/12) prime?
False
Suppose -10*h + 11*h + 1 = 0. Is h/(3 + (-1624)/541) a prime number?
True
Suppose -3*q + 0 - 13 = -5*o, 4*q - 31 = -3*o. Suppose w - j = -1 + o, -3*j = 3*w. Suppose -4*n = 16, -25 = -d - w*n + 49. Is d composite?
True
Suppose -2*k + 16491 = 3*k + u, -5*k - 5*u + 16475 = 0. Is k prime?
True
Let k(u) = u**3 - 5*u - 29. Is k(10) a prime number?
False
Suppose c + 5*j + 26 + 3 = 0, 2*c + 23 = -3*j. Let g(v) = 21*v**2 + 8*v + 10. Is g(c) a prime number?
False
Let g(o) = 251*o**2 - 41*o + 129. Is g(14) a composite number?
False
Let t be ((-3)/(-5))/((-8)/1640). Let b = -46 - t. Is b a composite number?
True
Suppose 5*b - 6*b = 4*t - 7195, -b + t = -7180. Is b a composite number?
True
Let r(x) = -2*x - 52. Let n be r(-27). Is (2/(-4)*7)/(n/(-1172)) a prime number?
False
Let b(y) = -y**3 + 14*y**2 + y + 10. Let p be b(8). Let f = p - 236. Let w = f - -12. Is w prime?
False
Let u(k) = k**2 + 8*k + 1. Let v(l) be the third derivative of -l**5/60 - 3*l**4/8 - 11*l**3/6 + 7*l**2. Let w be v(-6). Is u(w) a prime number?
False
Suppose -n + 5*n - 66 = -5*y, -5*y + 68 = 2*n. Is -1 + y/8 - (-25666)/8 a composite number?
False
Let y(f) = f**3 + f**2 + 3. Let m = -13 + 13. Let t be y(m). Let c = 1 + t. Is c a prime number?
False
Is 7 - 12 - -2 - -1090 a composite number?
False
Is (-20)/((-1700)/(-51)) + 95116/10 a composite number?
False
Let v(s) = 3*s**2 - 9*s + 15. Let g be v(9). Let z = 376 - g. Is z composite?
False
Let u be (-493)/2 + 1/2. Let c(t) = 6*t**3 - 2*t**2 - t + 7. Let l be c(4). Let r = u + l. Is r a composite number?
False
Let s be (-1 + (1 + -21)/(-4))/1. Suppose 0 = -4*l + r + 3413, 0*l + s*r = -3*l + 2555. Is l prime?
True
Let h(k) = 18*k + 4. Let t be h(-1). Let p be 25*((-552)/5)/4. Is p/(-14) - t/(-49) a composite number?
True
Suppose -4*a = -6*c + 10*c - 105880, 5*c - 52931 = -2*a. Is a a prime number?
False
Let s(a) = -13*a - 25. Let k be s(-2). Let h be (2 + 0)/(3/3). Is 2/k*h + 139 prime?
False
Let v = 40 + -68. Suppose -a + 10 = -3*a. Let n = a - v. Is n a prime number?
True
Let c(s) = -17*s**3 + 2*s**2 + 6*s - 5. Is c(-8) a composite number?
False
Let n be (-9)/(-3) - (5 + -1). Is 219 + (1 - (4 + n)) a prime number?
False
Let w = 85856 - 18942. Is w a composite number?
True
Let n(a) = a + 9. Suppose 4*j + 15 + 1 = 0. Let p be n(j). Suppose -5*k = -4*k + i - 522, -p*k + 5*i = -2560. Is k composite?
True
Let u(s) = s**3 - 2*s**2 - 2*s - 3. Let m be u(3). Let z = -2 - -2. Suppose m = -4*j + 12, z*d + 342 = 3*d - j. Is d a prime number?
False
Is ((-20659)/(-4) - 2) + (-2)/(-8) prime?
False
Let x = -17 - -17. Suppose j = -x*j. Suppose 5*k = 2*r - 155, -2*k + 6 = -j*k. Is r a prime number?
False
Let l(b) = 22*b**3 - 2*b**2 + b. Let q = 15 - 14. Is l(q) prime?
False
Suppose n = 5*i + 385 + 227, -i = -5*n + 3084. Suppose -3*m + n = 86. Is m prime?
False
Let o be (-6 + 7)/((-1)/(-2)). Let j = 68 - o. Let w = 211 - j. Is w a composite number?
True
Suppose -5*b = n - 27, 4*n - 3*b + b + 2 = 0. Suppose n*w + 7*a - 2*a = 8449, -2*a + 21175 = 5*w. Is w a prime number?
False
Suppose 41581 = 4*b + 3*v, 5*v + 28969 = 3*b - 2253. Is b a composite number?
False
Suppose -3*o - 3*c = -2*o - 14, 0 = -5*o - 4*c + 26. Is 226*((-5)/o + 3) prime?
True
Suppose q + 2 = -10. Let z be (q/(-21))/(5/35). Suppose 3175 - 605 = 5*u - 3*l, -4*u - z*l + 2088 = 0. Is u a prime number?
False
Suppose 12 = 6*k - 78. Suppose -4*f + k = f, -749 = -o - 4*f. Is o prime?
False
Suppose 2*x = 2*l + 2*l + 42, 3*l = 0. Is x prime?
False
Suppose -7 = -5*x - 2. Let w(f) = f + 1. Let z(y) = 6*y + 9. Let g(u) = x*z(u) - w(u). Is g(7) composite?
False
Let j = 1 + 7. Let q(b) = -21*b**3 - 14 + 10*b + 34*b**3 - 2*b**2 - 12*b**3 + 17. Is q(j) a composite number?
False
Let v be (2/(-4))/((-3)/24). Suppose -2*z + 1714 = 4*u, u = v*z - 3474 + 73. Is z a composite number?
True
Let o(w) = 5 + 1 + w - 4 + 12. Let s be o(-6). Suppose s*p = 4*p + 1948. Is p prime?
True
Let a be 34/(-9) + (-2)/9. Is (-892)/(-10)*(-10)/a a prime number?
True
Suppose b = -2*t + 9, t + 5*b = -0*t. Is 847 + (t - -1*(-4)/4) a composite number?
True
Let u be 6/(-27) + (-32)/18. Let i(f) be the third derivative of -7*f**6/5 - f**5/60 + f**4/8 + f**3/2 - 2*f**2. Is i(u) composite?
True
Suppose -46*q + 56*q = 64850. Is q a composite number?
True
Suppose -4*y = -3*y. Suppose 4*h - 164 = -y*h. Suppose -5*q - 5 = 0, -v + 5*q = 3*v - h. Is v prime?
